 0 + m. Suppose t + 62 = 5*y. List the prime factors of y.
13
Let w be (-15)/(-2) + 2/4. Suppose -w*k = -3*k - 75. Suppose o - k = 4*d, -2*o - d = -0*d - 3. What are the prime factors of o?
3
Let j(w) = 15*w + 8. What are the prime factors of j(3)?
53
Let c(w) = w**3 + 5*w**2 - 7*w - 2. Let g be c(-6). Let k be 2/(-7) - g/(-14). What are the prime factors of k/(-2 - 1) - -8?
2
Let r = -64 - -138. List the prime factors of r.
2, 37
Suppose 3*t - 2*o = 3*o - 61, -5*t - 95 = -5*o. Let f = t + 26. What are the prime factors of f?
3
Suppose m - 2*g - 2 = -1, 15 = 3*m - 3*g. List the prime factors of m.
3
Suppose -3*h + 2*h = 5*d - 352, 4*d - 275 = -3*h. Let a = d - 32. What are the prime factors of a?
3, 13
Let j(v) be the second derivative of v**8/6720 + v**7/280 + v**5/15 + v**4/12 - 2*v. Let c(g) be the third derivative of j(g). List the prime factors of c(-9).
2
Let v(h) be the first derivative of h**4/4 - 8*h**3/3 - 3*h**2 - 9*h + 38. Let d be 9 - -1 - (-1)/(-1). List the prime factors of v(d).
2, 3
Let a(c) = -c**3 - 4*c**2 - c + 1 + 1 - 4. Let n be a(-4). Suppose 0 = 2*j - 3 + 1, n*j = o - 9. What are the prime factors of o?
11
Suppose 0 = -4*c + 5*q + 19, -c - c + 14 = 2*q. Suppose n - 4*o + 4 - 35 = 0, o = -n + c. Let j = -3 + n. List the prime factors of j.
2
Suppose 0 = 3*b - 7 - 8. Suppose 5*a + 3*t - t = 81, 0 = -b*a + 4*t + 93. What are the prime factors of a?
17
Let h(k) = 4*k**3 + k**2 - k. Let f = -3 - -4. Let s be h(f). Suppose s*q = 5*x + 2, 0 = -q - x - 0 + 5. List the prime factors of q.
3
Let q be (-2)/(-2)*8/1. Let p = q + -3. List the prime factors of p.
5
Let o(v) = -v**3 + 4*v**2 + 5*v + 1. Let j be o(4). Let m = j + 3. What are the prime factors of m?
2, 3
Suppose -2*z - 1 = -5. Let a(y) = y**2 - 3 + 4 - 2*y + z*y. List the prime factors of a(-2).
5
Suppose 4*u = 3 + 53. Suppose 0 = -b - 3*w + w + u, 6 = -3*w. Suppose 0*f - 3*f = -b. List the prime factors of f.
2, 3
Suppose 0 = 3*c + 3*w + 35 - 242, 5 = w. List the prime factors of c.
2
Suppose 0 = -0*k + 3*k - 36. List the prime factors of (k + -5)*3*1.
3, 7
Let a(d) = 0 - 1 + d**2 - 1 - 4*d. What are the prime factors of a(5)?
3
Suppose -1 = t - 6*o + 2*o, -4*o = -5*t - 5. Let p be t/4*-6*2. Suppose -2*s + p*r = -31, -r - 2*r + 1 = 2*s. List the prime factors of s.
2
Let g(k) = 2*k + 10. Let l be g(-8). Let s = l - -24. What are the prime factors of s?
2, 3
Suppose 2*a = -2*a + 4. Let k be (-1)/(-1)*a - -3. Suppose -7*x = -k*x - 66. What are the prime factors of x?
2, 11
Suppose 2*h = -q + 54, -3*q + 104 = 5*h - 30. Suppose 0 = 2*x - g - h, -x - 48 = -5*x - 2*g. What are the prime factors of x?
13
Suppose -4*r = 4*a - 236, 3*a + 2*r = 15 + 166. List the prime factors of a.
3, 7
Suppose -4*o + 18 = l + 2, l = -o + 7. Suppose -2*f = -l - 56. What are the prime factors of f?
2, 3, 5
Let q(m) = m**3 - 5*m**2 - 10*m + 7. List the prime factors of q(7).
5, 7
Suppose -1 = -b + 21. Let l = b + -8. What are the prime factors of l?
2, 7
Suppose f + f = -x + 30, 0 = 3*x - 6. List the prime factors of f.
2, 7
What are the prime factors of 2/(384/(-3150) + (-2)/(-15))?
5, 7
Let y = 12 + 62. What are the prime factors of y?
2, 37
Let a be (15/(-2) + 3)*4. Suppose -2*w - n = -2*n + 19, 56 = -4*w - 4*n. Let m = w - a. What are the prime factors of m?
7
Suppose 3*s = 8*s - 10. Suppose 0 = -s*g - 7 + 19. What are the prime factors of g?
2, 3
Let h be 3/2*(-2)/(-3). Suppose -3*y - h = -25. List the prime factors of y.
2
List the prime factors of (0 + 66/15)*25.
2, 5, 11
Suppose -2*f + 6*q + 307 = 7*q, 5*f - 770 = -3*q. What are the prime factors of f?
151
Let u = -8 + 12. What are the prime factors of ((-104)/12)/(u/(-6))?
13
Let w(i) = i**2 - 5*i + 2. Let y be w(6). Suppose 2*k + 2*k - y = 0. Suppose 2*m + 20 = 4*u, 0 = -3*u + 2*u - k*m + 5. List the prime factors of u.
5
Let i be (-3)/(-1) + -1 + -1. What are the prime factors of (-1 - (i - 3))*4?
2
Let z(n) be the first derivative of n**3/3 + 2*n**2 + 7*n - 7. What are the prime factors of z(-5)?
2, 3
Let t = 74 + -33. List the prime factors of t.
41
Let q(f) = -f**3 + 5*f**2 - 3*f + 1. Let t be q(3). Let z = 0 + t. Suppose z = 5*n - 40. What are the prime factors of n?
2, 5
Let m(o) = -4*o - 10. What are the prime factors of m(-8)?
2, 11
List the prime factors of 213 - -1*12/3.
7, 31
Let h(p) = 0*p**2 + 10*p**2 - p + p**3 - 3*p**2. Let v be ((-1)/(-3))/((-2)/42). List the prime factors of h(v).
7
Suppose 13 = 6*l - 23. List the prime factors of l.
2, 3
Suppose 5*h = 3*i - 553 - 202, -3*i = 4*h - 719. List the prime factors of i.
5, 7
Suppose -7 = -o - 2. Suppose -o*l - 1 = -56. What are the prime factors of l?
11
Suppose -8*i = -4*i - 36. Let g be i/1*(-4)/(-12). Suppose 6*q - l - 31 = q, -g*l = q - 3. List the prime factors of q.
2, 3
Suppose -y + 2*y = -5*z + 88, 2*z - 85 = -y. List the prime factors of y.
83
Let u = -15 - -9. List the prime factors of 1/u + 93/18.
5
Let u be (8 - 2)/(9/12). Let b = 18 + u. List the prime factors of b.
2, 13
Let f(q) = -8*q. Let a(w) = -2*w + 3. Let v be a(2). List the prime factors of f(v).
2
Let p be (-1*6)/(-2 - -1). Suppose 0*r - r + a = -p, 0 = -a. List the prime factors of r.
2, 3
Suppose q = -4*h - 1, q - 4*h + 43 = 6*q. Suppose 2 - q = -l. What are the prime factors of l?
3
Let v(r) = r**2 + 1. Let z be v(2). Let l(b) = -2*b**3 - 3*b**2. Let j be l(-2). Suppose -4*h = -2*p + 12, -16 = -7*p + j*p + z*h. List the prime factors of p.
2
Let r = 88 + -16. What are the prime factors of r?
2, 3
Suppose -4*b = 3*g - 68, -2*g - 73 = -5*b + 35. What are the prime factors of b?
2, 5
Let d = -2 + 5. Let n be 2208/20 - (12/(-15))/(-2). Suppose -3*h = -5*a + n, 7*a + 4*h - 56 = d*a. What are the prime factors of a?
19
Suppose -3*g + 79 = -4*g + w, -5*w + 10 = 0. Let s = g - -130. List the prime factors of s.
53
List the prime factors of ((-12)/(-8))/((-1)/(-10)).
3, 5
Let i(t) = -t - 1 + 2*t - 4 + 0. List the prime factors of i(9).
2
Let t be -4*((-51)/6 - 0). Suppose -5*g + 4 = t. Let w(j) = j**3 + 7*j**2 + 4*j + 2. What are the prime factors of w(g)?
2, 7
List the prime factors of 7 + -3 + -2 + 330.
2, 83
Let f = -40 + 67. Let d = -3 + f. What are the prime factors of d?
2, 3
Suppose 0 = 5*p - p. What are the prime factors of (3 + p)*(-4)/(-3)?
2
Suppose -2*c = -5*d + 10, 3*d - 10 = 2*c - 0*c. Suppose -5*v + 4*v + 2 = d. Let f(t) = 2*t**3 - t**2 + t + 2. What are the prime factors of f(v)?
2
Let g be (-95)/5 - (-4)/(-2). What are the prime factors of (-1)/(-1*(-1)/g)?
3, 7
Let f(g) = 51*g**3 - g**2 + 1. List the prime factors of f(1).
3, 17
Let o(z) = -z**3 + 6*z**2 - z + 2. Let l be o(6). List the prime factors of l/(-6) + 86/6.
3, 5
Suppose -x - r = x - 390, -2*r = 0. List the prime factors of x.
3, 5, 13
Let v be (1/(-1))/(3/(-87)). Let f be 2 + 1 + 3 + -3. Suppose 4*y - v = f. List the prime factors of y.
2
Let x = -69 + 141. What are the prime factors of x?
2, 3
Let p = -20 - -24. What are the prime factors of p?
2
Let n(s) = -3*s + 4. What are the prime factors of n(-9)?
31
Let j(t) = 3*t**2 - t + 4. Let s be j(3). Suppose -3*u = u - s. What are the prime factors of u?
7
Let x be (-26)/(-10) + 9/(-15). Suppose w = -x*w + 42. Suppose 0*f - 2*f + w = 0. What are the prime factors of f?
7
Let l(d) = 20*d + 20. What are the prime factors of l(9)?
2, 5
Let c(i) = i - 2*i**2 + i - 7*i + 2*i - 4*i**3 - 2. Let a be c(-2). List the prime factors of 176/a - 4/14.
2, 3
Let h(u) = 7 - 4 + 8*u**2 - 2 - u. What are the prime factors of h(1)?
2
Let s be (-4)/6*3 + 5. Let o(z) be the first derivative of z**2 + z - 1. What are the prime factors of o(s)?
7
Suppose 1559 = 3*b + 356. List the prime factors of b.
401
Let r(s) = -s**3 + 4*s**2 + 7*s - 6. Let a be r(5). Suppose -6*y + 3*y = -a*t + 107, 0 = 2*t + y - 61. What are the prime factors of t?
29
Let n(s) = -s + s + s - 3. Let v be n(3). Suppose v*i = 3*i - 33. What are the prime factors of i?
11
Let w(d) = -35*d - 7. What are the prime factors of w(-2)?
3, 7
Let m(r) = 71*r. Let o be m(1). Suppose -12 - 2 = -7*u. Suppose p = -3*s + 16, -6*p + u*p - 5*s = -o. List the prime factors of p.
19
Let c be 6/(-27) - 6/(-27). Let t(d) = -d**3 - d + 19. What are the prime factors of t(c)?
19
Suppose -13 = -2*q + 9. Let o = q - -26. List the prime factors of o.
37
